e prime factors of 10002.
2, 3, 1667
What are the prime factors of 12559?
19, 661
List the prime factors of 340.
2, 5, 17
What are the prime factors of 3177?
3, 353
List the prime factors of 47043.
3, 5227
What are the prime factors of 67105?
5, 13421
List the prime factors of 4347.
3, 7, 23
List the prime factors of 30665.
5, 6133
List the prime factors of 34883.
34883
List the prime factors of 5920.
2, 5, 37
What are the prime factors of 102923?
19, 5417
What are the prime factors of 1509?
3, 503
What are the prime factors of 7962?
2, 3, 1327
What are the prime factors of 54570?
2, 3, 5, 17, 107
List the prime factors of 37348.
2, 9337
List the prime factors of 1659.
3, 7, 79
What are the prime factors of 3778?
2, 1889
List the prime factors of 5515.
5, 1103
List the prime factors of 149.
149
What are the prime factors of 14998?
2, 7499
List the prime factors of 405.
3, 5
List the prime factors of 897.
3, 13, 23
What are the prime factors of 3577?
7, 73
List the prime factors of 160.
2, 5
What are the prime factors of 275?
5, 11
List the prime factors of 6410.
2, 5, 641
What are the prime factors of 1634?
2, 19, 43
List the prime factors of 3355.
5, 11, 61
What are the prime factors of 127032?
2, 3, 67, 79
List the prime factors of 93077.
93077
What are the prime factors of 978?
2, 3, 163
What are the prime factors of 12065?
5, 19, 127
What are the prime factors of 773?
773
What are the prime factors of 1010?
2, 5, 101
What are the prime factors of 58200?
2, 3, 5, 97
List the prime factors of 762.
2, 3, 127
What are the prime factors of 2277?
3, 11, 23
What are the prime factors of 45423?
3, 7, 103
What are the prime factors of 3149?
47, 67
List the prime factors of 16889.
16889
List the prime factors of 5695.
5, 17, 67
What are the prime factors of 78393?
3, 7, 3733
What are the prime factors of 1711?
29, 59
What are the prime factors of 589?
19, 31
List the prime factors of 1683.
3, 11, 17
List the prime factors of 1852.
2, 463
List the prime factors of 1725.
3, 5, 23
List the prime factors of 16579.
59, 281
What are the prime factors of 11976?
2, 3, 499
List the prime factors of 199.
199
What are the prime factors of 1846?
2, 13, 71
What are the prime factors of 17670?
2, 3, 5, 19, 31
What are the prime factors of 28918?
2, 19, 761
What are the prime factors of 3386?
2, 1693
List the prime factors of 126213.
3, 42071
What are the prime factors of 17921?
17921
What are the prime factors of 3724?
2, 7, 19
What are the prime factors of 6860?
2, 5, 7
List the prime factors of 50769.
3, 5641
List the prime factors of 1930.
2, 5, 193
List the prime factors of 52703.
7, 7529
List the prime factors of 824.
2, 103
What are the prime factors of 30147?
3, 13, 773
List the prime factors of 2357.
2357
What are the prime factors of 869?
11, 79
What are the prime factors of 629?
17, 37
List the prime factors of 2281.
2281
List the prime factors of 10677.
3, 3559
What are the prime factors of 35892?
2, 3, 997
What are the prime factors of 3041?
3041
What are the prime factors of 14086?
2, 7043
What are the prime factors of 809?
809
List the prime factors of 122.
2, 61
List the prime factors of 2958.
2, 3, 17, 29
List the prime factors of 1013.
1013
What are the prime factors of 53669?
7, 11, 17, 41
What are the prime factors of 14021?
7, 2003
What are the prime factors of 22081?
71, 311
What are the prime factors of 19398?
2, 3, 53, 61
What are the prime factors of 1204?
2, 7, 43
What are the prime factors of 864?
2, 3
What are the prime factors of 1084?
2, 271
What are the prime factors of 34445?
5, 83
What are the prime factors of 5050?
2, 5, 101
What are the prime factors of 1079?
13, 83
List the prime factors of 102341.
29, 3529
List the prime factors of 31867.
11, 2897
List the prime factors of 440.
2, 5, 11
What are the prime factors of 703?
19, 37
List the prime factors of 5418.
2, 3, 7, 43
What are the prime factors of 37015?
5, 11, 673
List the prime factors of 2579.
2579
What are the prime factors of 17144?
2, 2143
List the prime factors of 6800.
2, 5, 17
What are the prime factors of 28719?
3, 3191
List the prime factors of 1817.
23, 79
List the prime factors of 503.
503
What are the prime factors of 768?
2, 3
List the prime factors of 22660.
2, 5, 11, 103
List the prime factors of 17397.
3, 1933
What are the prime factors of 13226?
2, 17, 389
What are the prime factors of 61845?
3, 5, 7, 19, 31
List the prime factors of 30206.
2, 11, 1373
List the prime factors of 86002.
2, 7, 6143
List the prime factors of 2178.
2, 3, 11
What are the prime factors of 84145?
5, 16829
What are the prime factors of 30485?
5, 7, 13, 67
List the prime factors of 19144.
2, 2393
What are the prime factors of 4369?
17, 257
What are the prime factors of 3770?
2, 5, 13, 29
What are the prime factors of 165863?
47, 3529
List the prime factors of 6441.
3, 19, 113
List the prime factors of 76.
2, 19
What are the prime factors of 10231?
13, 787
What are the prime factors of 1395?
3, 5, 31
What are the prime factors of 5565?
3, 5, 7, 53
List the prime factors of 1463.
7, 11, 19
What are the prime factors of 2812?
2, 19, 37
What are the prime factors of 710?
2, 5, 71
What are the prime factors of 2616?
2, 3, 109
What are the prime factors of 111102?
2, 3, 18517
List the prime factors of 1132.
2, 283
What are the prime factors of 2244?
2, 3, 11, 17
List the prime factors of 5833.
19, 307
What are the prime factors of 1460?
2, 5, 73
What are the prime factors of 661?
661
List the prime factors of 59549.
7, 47, 181
What are the prime factors of 372?
2, 3, 31
What are the prime factors of 2617?
2617
List the prime factors of 5892.
2, 3, 491
List the prime factors of 894.
2, 3, 149
What are the prime factors of 87?
3, 29
List the prime factors of 2447.
2447
What are the prime factors of 6206?
2, 29, 107
What are the prime factors of 619?
619
List the prime factors of 2031.
3, 677
What are the prime factors of 1378?
2, 13, 53
What are the prime factors of 7356?
2, 3, 613
What are the prime factors of 115501?
19, 6079
List the prime factors of 13599.
3, 1511
What are the prime factors of 5564?
2, 13, 107
What are the prime factors of 2760?
2, 3, 5, 23
What are the prime factors of 507?
3, 13
What are the prime factors of 236?
2, 59
What are the prime factors of 53130?
2, 3, 5, 7, 11, 23
List the prime factors of 14599.
13, 1123
List the prime factors of 5951.
11, 541
What are the prime factors of 11327?
47, 241
What are the prime factors of 3196?
2, 17, 47
List the prime factors of 714.
2, 3, 7, 17
What are the prime factors of 32160?
2, 3, 5, 67
List the prime factors of 2820.
2, 3, 5, 47
List the prime factors of 704.
2, 11
What are the prime factors of 1859?
11, 13
What are the prime factors of 204?
2, 3, 17
What are the prime factors of 1519?
7, 31
What are the prime factors of 113?
113
List the prime factors of 8826.
2, 3, 1471
List the prime factors of 6677.
11, 607
What are the prime factors of 25439?
25439
What are the prime factors of 1942?
2, 971
List the prime factors of 26648.
2, 3331
List the prime factors of 20.
2, 5
List the prime factors of 644.
2, 7, 23
List the prime factors of 38207.
13, 2939
List the prime factors of 928.
2, 29
List the prime factors of 40407.
3, 13469
List the prime factors of 60.
2, 3, 5
What are the prime factors of 4512?
2, 3, 47
List the prime factors of 97842.
2, 3, 23, 709
List the prime factors of 1844.
2, 461
List the prime factors of 828.
2, 3, 23
What are the prime factors of 966?
2, 3, 7, 23
What are the prime factors of 7376?
2, 461
What are the prime factors of 721?
7, 103
What are the prime factors of 2044?
2, 7, 73
List the prime factors of 1551.
3, 11, 47
List the prime factors of 3773.
7, 11
List the prime factors of 1586.
2, 13, 61
What are the prime factors of 9339?
3, 11, 283
What are the prime factors of 1986?
2, 3, 331
What are the prime factors of 764?
2, 191
What are the prime factors of 345?
3, 5, 23
List the prime factors of 92732.
2, 97, 239
List the prime factors of 1152.
2, 3
What are the prime factors of 3305?
5, 661
What are the prime factors of 2479?
37, 67
List the prime factors of 64001.
7, 41, 223
What are the prime factors of 800?
2, 5
What are the prime factors of 14668?
2, 19, 193
What are the prime f